{"id":1750,"date":"2014-10-01T15:43:42","date_gmt":"2014-10-01T15:43:42","guid":{"rendered":"http:\/\/hafran.com\/portal2\/?page_id=1750"},"modified":"2019-08-14T03:42:50","modified_gmt":"2019-08-14T03:42:50","slug":"servicios-y-actividades-de-la-empresa","status":"publish","type":"page","link":"https:\/\/hafran.com\/portal2\/?page_id=1750","title":{"rendered":"Actividades Principales"},"content":{"rendered":"<p>&nbsp;<\/p>\n<p><a href=\"http:\/\/hafran.com\/portal2\/wp-content\/uploads\/2013\/09\/logo_pequeno.png\"><img decoding=\"async\" loading=\"lazy\" class=\"aligncenter size-full wp-image-1679\" src=\"http:\/\/hafran.com\/portal2\/wp-content\/uploads\/2013\/09\/logo_pequeno.png\" alt=\"logo_pequeno\" width=\"203\" height=\"148\" \/><\/a><\/p>\n<p>&nbsp;<\/p>\n<p><strong>Actualmente catalogados como empresa l\u00edder destacada en las siguientes disciplinas:<\/strong><\/p>\n<ul>\n<li>Planificaci\u00f3n y Ejecuci\u00f3n de Paradas de Plantas.<\/li>\n<li>Prefabricaci\u00f3n y Montajes de Tuber\u00edas.<\/li>\n<li>Reparaciones Mayores de Equipos.<\/li>\n<li>Fabricaci\u00f3n de estructuras Met\u00e1licas.<\/li>\n<li>Montaje de estructuras de Acero y Equipos Pesados.<\/li>\n<li>Mantenimiento y Pintura de Equipos.<\/li>\n<li>Construcci\u00f3n y Mantenimiento Civil Multidisciplinario.<\/li>\n<li>Trabajos Metalmec\u00e1nicos, El\u00e9ctricos e Instrumentaci\u00f3n.<\/li>\n<li>Limpieza integral de Plantas en \u00c1reas Operacionales y no Operacionales.<\/li>\n<li>Mantenimiento y Construcci\u00f3n de Tanques.<\/li>\n<\/ul>\n<p>&nbsp;<\/p>\n<p><strong>Otros Servicios Complementarios que podemos ofrecer en dar Asistencia T\u00e9cnica y de Apoyo:<\/strong><\/p>\n<ul>\n<li>Calibraci\u00f3n de Instrumentos (Laboratorio)<\/li>\n<li>Servicio de Alquiler y Montaje de Andamios tipo cup-lock.<\/li>\n<li>Prefabricaciones Civiles hasta 4 Ton .<\/li>\n<li>Patio de Fabricaci\u00f3n de Estructuras y spool.<\/li>\n<li>Mantenimiento Preventivo y Correctivo a Flota Pesada y Liviana.<\/li>\n<li>Procura de Materiales para Repuestos de <i>Equipos(<\/i> Gr\u00faas, Montacargas, Retroexcavadoras, Maquinas de soldar, Compresores entre otros).<\/li>\n<li>Alquiler de Equipos pesados con o sin operadores.<\/li>\n<\/ul>\n<p>&nbsp;<\/p>\n","protected":false},"excerpt":{"rendered":"<p>&nbsp; &nbsp; Actualmente catalogados como empresa l\u00edder destacada en las siguientes disciplinas: Planificaci\u00f3n y Ejecuci\u00f3n de Paradas de Plantas. Prefabricaci\u00f3n y Montajes de Tuber\u00edas. Reparaciones Mayores de Equipos. Fabricaci\u00f3n de estructuras Met\u00e1licas. Montaje de estructuras de Acero y Equipos Pesados. Mantenimiento y Pintura de Equipos. Construcci\u00f3n y Mantenimiento Civil Multidisciplinario. Trabajos Metalmec\u00e1nicos, El\u00e9ctricos e Instrumentaci\u00f3n. [&hellip;]<\/p>\n","protected":false},"author":1,"featured_media":0,"parent":0,"menu_order":0,"comment_status":"closed","ping_status":"closed","template":"","meta":[],"_links":{"self":[{"href":"https:\/\/hafran.com\/portal2\/index.php?rest_route=\/wp\/v2\/pages\/1750"}],"collection":[{"href":"https:\/\/hafran.com\/portal2\/index.php?rest_route=\/wp\/v2\/pages"}],"about":[{"href":"https:\/\/hafran.com\/portal2\/index.php?rest_route=\/wp\/v2\/types\/page"}],"author":[{"embeddable":true,"href":"https:\/\/hafran.com\/portal2\/index.php?rest_route=\/wp\/v2\/users\/1"}],"replies":[{"embeddable":true,"href":"https:\/\/hafran.com\/portal2\/index.php?rest_route=%2Fwp%2Fv2%2Fcomments&post=1750"}],"version-history":[{"count":29,"href":"https:\/\/hafran.com\/portal2\/index.php?rest_route=\/wp\/v2\/pages\/1750\/revisions"}],"predecessor-version":[{"id":1871,"href":"https:\/\/hafran.com\/portal2\/index.php?rest_route=\/wp\/v2\/pages\/1750\/revisions\/1871"}],"wp:attachment":[{"href":"https:\/\/hafran.com\/portal2\/index.php?rest_route=%2Fwp%2Fv2%2Fmedia&parent=1750"}],"curies":[{"name":"wp","href":"https:\/\/api.w.org\/{rel}","templated":true}]}}